 1008. What are the prime factors of i?
2, 3, 7
Suppose 3*d - 1 = 2*u, 2*d + 5 = -u - d. Let a be 4*((-1)/u)/(-1). Let f(p) = -10*p + 15. What are the prime factors of f(a)?
5, 7
Suppose -7*t - 3115 + 96272 = -11094. List the prime factors of t.
53, 281
Let a = 124358 + -70596. What are the prime factors of a?
2, 26881
Suppose 37 = -t + 3*f, 0*t - 3*t - 144 = 2*f. Let w = t - -55. Suppose -399 = -w*o + 780. List the prime factors of o.
131
Let m(k) = -k**3 + 9*k**2 - k + 13. Let t be m(9). Suppose -5*x + t = -3*x. Suppose 188 = x*r + 78. What are the prime factors of r?
5, 11
Let u(c) = -3*c + 8. Suppose 0*j = 3*j + 2*j. Let f be u(j). What are the prime factors of ((-19)/(-3))/((f/2)/120)?
2, 5, 19
Let q be ((-1880)/6)/((-9)/27). Suppose 0 = 157*k - 159*k + q. List the prime factors of k.
2, 5, 47
Let v(t) = -t**2 + 6*t - 6. Let u be v(2). List the prime factors of 207 - ((-7)/(-1) - u).
2, 101
Let c(s) = -25*s + 2*s**2 + 23*s + 2*s**2 + 2. Let w be c(1). Suppose w*f - 85 - 27 = 3*q, 116 = 4*f - 4*q. List the prime factors of f.
5
Let d(i) = -i**2 - i - 1. Let n be d(-1). What are the prime factors of (n + -3)*-107 + 4?
2, 3
List the prime factors of (1876/(-84) - 23)/((-4)/1110).
2, 5, 17, 37
Let j(i) = 5148*i**2 - 25*i - 27. List the prime factors of j(-1).
2, 31, 83
Suppose -304*u + 268925 - 84701 = 0. What are the prime factors of u?
2, 3, 101
Let i(r) = 6*r + 37. Let w be i(-5). Suppose 0 = -w*v + 5590 + 1613. What are the prime factors of v?
3, 7
Let c(b) = -b + 8. Let w be c(3). Suppose 2*k + 4*i = -3 - w, 0 = -3*k - 3*i - 3. List the prime factors of k/10 - (394/(-5) - 0).
79
Let c(a) = 48*a - 987. List the prime factors of c(35).
3, 7, 11
Suppose -12*v - 28*v + 16*v = -470040. What are the prime factors of v?
5, 3917
Let v(j) = 7*j**2 - 81*j - 187. What are the prime factors of v(31)?
3, 17, 79
Let d be 375/45*(-27 + 0). Let x = 492 + d. What are the prime factors of x?
3, 89
Let s = 12535 - -9655. List the prime factors of s.
2, 5, 7, 317
Let q = -28 + 34. Suppose -s + 4*i = 16, 0 = -s + q*i - 5*i - 4. Suppose s = -14*l - 0*l + 770. What are the prime factors of l?
5, 11
Suppose -d - 2*d = 5*c + 15, -4*c - 3*d - 15 = 0. Suppose 2*q - i - 205 = c, -4*i - 1 = 3. Let u = q - 57. List the prime factors of u.
3, 5
Let o = 587 - 577. Suppose -o*f + 20346 = 6816. List the prime factors of f.
3, 11, 41
Let t(c) = 4*c**3 - 4*c**2 - 13*c - 38. Let z be t(-6). Let g = 1437 + z. What are the prime factors of g?
7, 67
What are the prime factors of 76/(-18)*27943/(-2) + (-364)/(-1638)?
58991
Suppose -14 = 2*a + 6. List the prime factors of (-64)/20*25/a.
2
Suppose 0 = -3*z - 4*a + 547, -723 = -4*z - 6*a + 7*a. Suppose 0 = -z*t + 185*t - 2092. What are the prime factors of t?
523
Suppose 1165 + 2039 = 9*v. Let x = -168 + v. What are the prime factors of x?
2, 47
Let a(h) = -21*h**3 - 3*h**2 + 3*h + 9. List the prime factors of a(-6).
3, 491
Suppose -58*p + 59*p - 28742 = -4*a, 0 = 2*p + a - 57456. List the prime factors of p.
2, 53, 271
Let l = 18941 + 10734. What are the prime factors of l?
5, 1187
Let y(s) = 4899*s - 8370. What are the prime factors of y(3)?
3, 19, 37
Suppose 9811 - 2651 = 5*t. What are the prime factors of t?
2, 179
Let k(d) = -35*d**3 - 9*d**2 - 20*d + 34. Let z be k(-6). Suppose -1843 = -p - q, -7*p + z = -3*p - 5*q. What are the prime factors of p?
3, 5, 41
Suppose 22*n = 18*n + 3*w + 8334, 5*n = 2*w + 10407. List the prime factors of n.
3, 7, 11
Let i(a) = -1483*a - 668. List the prime factors of i(-4).
2, 7, 47
Let m = -8098 - -11147. What are the prime factors of m?
3049
Let m(n) = -93*n**3 - 23*n**2 - 47*n - 11. What are the prime factors of m(-9)?
2, 7, 677
Let p(u) = -u**3 - 14*u**2 - 12*u - 5. Let d be (-9)/(45/(-14))*-5. Let r be p(d). Suppose -577 = -5*s + r. List the prime factors of s.
2, 37
Let m = 951 - 943. Let b = 36 - 19. Suppose -b*a = -m*a - 1566. List the prime factors of a.
2, 3, 29
Suppose 2*w = -6, -2*w - 6391 = -2*l - 7*w. List the prime factors of l.
3203
Suppose 33*y + 2729 = 47411. Let g = y + -873. What are the prime factors of g?
13, 37
Let t(l) = 6*l**2 - 35*l - 1. Let w be t(6). Suppose 1422 = 3*g - 3*s, -g + 4*g = -w*s + 1390. Let j = -326 + g. List the prime factors of j.
2, 3
Let u(f) = 67*f**2 - 15*f. Let m(x) = x**3 - 10*x**2 - 11*x + 2. Let k be m(11). What are the prime factors of u(k)?
2, 7, 17
Suppose -214*f = 492740 - 1669074 - 1557944. List the prime factors of f.
3, 4259
Suppose -b = 5*f + 2, 0 = -b - 2*b - 6. Suppose 4*h - 4 = f, -h + 1731 = 4*q - 2*h. List the prime factors of q.
433
Let l(m) = -35*m**3 + 20*m**3 - 10*m**2 - 7*m + 18 + 14*m**3. Let c be l(-9). Suppose 11*q - 1056 - 748 = c. List the prime factors of q.
2, 41
Let u(m) = -m**3 + 17*m**2 - 2*m - 17. Let w be u(16). Suppose -11*g + 5*g + 564 = 0. Let v = w - g. List the prime factors of v.
113
Let w(p) = -13*p - 274 + 11*p - 277 + 578. Suppose -h + 48 = -5*h. What are the prime factors of w(h)?
3, 17
Suppose -4*x + 5*x + 14 = -p, 0 = x + 3*p + 12. Suppose -3*i - 112 = -4*i. Let f = x + i. List the prime factors of f.
97
Suppose -6*c = -12 - 6. Suppose c*j = -2*g - 20 - 405, 4*j = -3*g - 640. List the prime factors of (20/5)/(-4) - g.
3, 73
Let a(s) = -s + 1. Let b be a(1). Let c(i) = i**2 + 12*i + 29. Let o be c(-9). Suppose -o*p + 56 = 3*j - j, b = j + 2*p - 31. List the prime factors of j.
5
Let f = 1980 - -843. List the prime factors of f.
3, 941
Let o(a) = -81*a**2 + 20*a - 82. Let y be o(6). Let k = -1964 - y. List the prime factors of k.
2, 457
Let j = 143187 - 79661. List the prime factors of j.
2, 23, 1381
Let g(a) = -2128*a + 2762. What are the prime factors of g(-18)?
2, 20533
Let y be 35/1*(-86)/301 + 7. Let p(x) = -7*x**3 - 4*x + 1. Let s(u) = 6*u**3 + 3*u - 1. Let r(v) = -2*p(v) - 3*s(v). List the prime factors of r(y).
2, 7
Suppose -d = -2*r + 6, 3*r - d - 23 = -3*d. Let v be ((-15)/(-8))/r*8. Suppose -v*m + 5*s + 592 = m, -m = 4*s - 148. List the prime factors of m.
2, 37
Let b(n) = n**2 + 7*n - 41. Let i be b(4). Suppose -4*h = -4*z + 2880, -i*z = -15*h + 11*h - 2156. What are the prime factors of z?
2, 181
Let l = -21540 - -38858. What are the prime factors of l?
2, 7, 1237
Let p(i) be the third derivative of -5*i**2 + 0*i + 17/6*i**3 + 0 - 1/24*i**4. List the prime factors of p(4).
13
Let r = -52 + 75. Let x be (-36)/48 + r/4. Suppose z = -x*z + 402. List the prime factors of z.
67
Let k(i) be the second derivative of 4*i - 1/20*i**5 + 11/12*i**4 + 0 + 11/2*i**2 - 5/3*i**3. List the prime factors of k(6).
131
Let k(n) be the first derivative of 17*n**3/3 + 6*n**2 + 7*n + 27. What are the prime factors of k(-11)?
2, 3, 7, 23
Let v = 262 - 257. Suppose v*y - 800 = -5*h, -2*h + 102 = y - 54. What are the prime factors of y?
2, 41
Let u be -3*(-2)/(-3) + 9. Let y(a) be the third derivative of -a**6/120 + 3*a**5/20 - 5*a**4/24 + 2*a**3/3 + 8*a**2. What are the prime factors of y(u)?
67
Let k be (-2)/(-5)*(7 - 4/2). Let j(y) = 0*y + 4*y - 2*y**k - 3 - 2*y - 7 - y**3. What are the prime factors of j(-7)?
13, 17
Let i(d) = -54*d + 23. Let g(c) = -18*c + 99. Let a be g(6). List the prime factors of i(a).
509
Let x(f) = -7*f**3 - f**2 - f - 1. Let n be x(-1). Suppose -14*p - n = -16*p. Suppose -8*s + p*s = -660. List the prime factors of s.
2, 3, 11
Let n be 8/(-40) + (-40263)/(-15). Suppose 2*u - 3*j - n = 0, 2*u + 3*j + 411 = 3119. List the prime factors of u.
2, 337
Suppose -3*h + 24 - 6 = 0. Let a be (-6)/(-3)*(-8)/h*9. Let i = 31 + a. List the prime factors of i.
7
Suppose -4*a = -0*a - x - 110, 3*x - 6 = 0. Let y = a + -24. Suppose 2*c - f = 437, y*c + f + 423 = 1288. What are the prime factors of c?
7, 31
Let g = -281 - -250. Let f(a) = -71*a**3 - a + 1. Let w be f(1). Let h = g - w. What are the prime factors of h?
2, 5
Let r(f) = -f**3 + 7*f**2 + 7*f - 88. Let s be r(6). Let j(n) = 11. Let c(w) = w - 32. Let p(b) = -3*c(b) - 8*j(b). What are the prime factors of p(s)?
2, 19
Let z be (38/(-4))/(805/90 - 9). Let n be -110 + 0 + 2 + -4. Let m = z + n. List the prime factors of m.
59
Suppose 24*b = 26*b + 3*i - 19865, -4*i = -4*b + 39680. What are the prime factors of b?
5, 397
Suppose y - 122 = 234. Let a = y + -219. List the prime factors of a.
137
Let n be 357/12 - (35/20 + -2). Suppose -n*k = -824